2)?
3
Let y(m) be the second derivative of -m**5/120 - 15*m**3/2 - 4*m + 7. Let h(o) be the second derivative of y(o). Give h(7).
-7
Let l(v) = -v**2 + 2*v - 6. Let f = -1 - -6. Let j(u) be the third derivative of -u**6/120 + u**5/20 + 11*u**4/24 - 32*u**2 + 1. Let d be j(f). Give l(d).
-21
Let l(o) be the third derivative of -o**7/840 + 2*o**6/45 + o**5/120 - 7*o**4/8 + 125*o**3/6 + 55*o**2. Let s(v) be the first derivative of l(v). What is s(16)?
-5
Let i(h) be the second derivative of h**3/3 + h**2 + 4*h. Suppose -2*o + z - 29 = -13, 0 = -3*o - 5*z - 11. What is i(o)?
-12
Let y(n) = -n**3 - 8*n**2 - 14*n - 9. Let o be y(-6). Let j be 0 + 4 + (36/o - 11). Let s(g) = -2*g**2 + 4*g + 5. What is s(j)?
-25
Let w(c) = -c**3 - 3*c + 1. Let h(u) = -u**3 + 13*u**2 - 10*u + 18. Let i(j) = -h(j) + 2*w(j). What is i(-13)?
-68
Let q(v) be the second derivative of v**3/3 + 5*v**2/2 - 205*v - 2. What is q(3)?
11
Let p(j) = -j**2 - j. Let n(v) = 6*v**2 + 6*v + 3. Let d(m) = n(m) + 3*p(m). Let w be 2/(4/(-3)*(-27)/450). Suppose -5*o - w = 0, 3*o = 5*x + o. Calculate d(x).
9
Let a(h) = 3*h**2 - 39*h + 38. Let j be a(12). Let f(p) = -16 + 4*p**j - 15*p + 5 + 2 + p**3. Determine f(-6).
9
Let l(h) = h**2 + 11*h + 12. Let m(n) = n**3 + 4*n**2 + 8*n - 2. Suppose 7*p = 10 - 24. Let d be m(p). Give l(d).
2
Suppose -3*z + a + 32 = 0, -z + 2*a = 10 - 29. Let u(v) = -2 + z*v - 26*v + 16*v. Suppose -33 = 5*q - 53. What is u(q)?
-6
Let w(q) = q - 1. Let f(s) = 12*s + 49. Let b be ((-2)/(-6))/(-5 - 444/(-90)). Let j be f(b). Determine w(j).
-12
Let i(y) = 296 + y - y**2 - 843 + 307 + 326. What is i(10)?
-4
Let z(m) = -7*m + 21. Let l(v) = -2*v + 33. Let g(f) = 3*f - 32. Let q(s) = -6*g(s) - 5*l(s). Let x(c) = -5*q(c) + 6*z(c). Give x(-6).
3
Let y(u) = -u**2 - 2*u + 10. Suppose 0 = -287*p - 2156 + 583 - 723. Calculate y(p).
-38
Suppose -5*b - 16 = 2*r + 39, -4*r = -3*b + 45. Let z = r + 10. Let u(o) be the first derivative of -o**3/3 - 7*o**2/2 + 3*o - 629. Give u(z).
13
Let u(d) = 3*d**3 + 223*d**2 + 60*d - 1043. Let k be u(-74). Let s(y) = -y**2 - 11*y - 26. Give s(k).
2
Let g(x) = -12*x - 82. Let s(t) = -5*t - 33. Let j(i) = -3*g(i) + 7*s(i). What is j(-10)?
5
Let s(f) = 3*f**3 - 52*f**2 + 81*f - 11. Let c(z) = -2*z**3 + 35*z**2 - 54*z + 7. Let h(w) = 10*c(w) + 7*s(w). Determine h(12).
29
Let s(j) = 4789*j**3 + 6 - 2365*j**3 + j**2 - 2423*j**3. Let f(i) = -i + 2. Let o be f(2). Calculate s(o).
6
Let i(o) = 2*o**2 - 16*o + 40. Let d(c) = c**3 + 17*c**2 - 104*c - 417. Let s be d(-21). What is i(s)?
10
Suppose -2*o = -3*o + 3. Let g = -274 + 281. Let h(f) = -g + 2*f + o*f - 6*f + 4. Calculate h(-4).
1
Let b(r) = 83*r - 1401. Let h be b(17). Let y(a) = -a**2 + 3*a + 83. Calculate y(h).
13
Suppose 13*h = 16 + 10. Suppose -h*n + 12 = n. Let r(z) = 5*z - n*z - 5 + 2*z - 2*z. Determine r(0).
-5
Let s(z) be the third derivative of z**4/24 - z**3/3 - 5629*z**2. Suppose 5*n - 10 = 5*u, 0 = -3*u - 0*n - 2*n - 11. Give s(u).
-5
Let h be 84/7*(-7 + 1). Let i = 72 + h. Let p be 19 + -7 - (i/1 - -2). Let l(w) = -w**2 + 10*w - 3. Calculate l(p).
-3
Let c(d) be the third derivative of -d**6/120 - d**5/15 - d**4/4 - 8*d**3/3 + 412*d**2 + 2. Determine c(-4).
8
Let z = -676 + 684. Let i(r) = -r**3 + 8*r**2 + r + 1. What is i(z)?
9
Let h(i) = 6*i - 45 + 132 - 42 - 43 - i**2. Calculate h(-5).
-53
Let j(z) = -z**2 - 11*z. Suppose 2*s + 3*c - 250 = c, -5*s - c = -629. Suppose 4*i = 78 - s. Give j(i).
-12
Let d(c) = -5*c**3 + 15*c**2 + 23*c + 11. Let s(l) = 2*l**3 - 5*l**2 - 8*l - 4. Let j(b) = 3*d(b) + 8*s(b). Let a = -8329 - -8324. Give j(a).
-24
Let t be 1/4 - (-6)/(-24). Suppose t = -21*u + 31*u + 110. Let l(s) = s**2 + 9*s - 7. What is l(u)?
15
Let g(m) = -3*m + 108*m**3 + 4*m + 9*m**2 + 6*m - 122*m**3. Let b(l) = 7*l**3 - 4*l**2 - 3*l. Let u(x) = -7*b(x) - 3*g(x). Calculate u(1).
-6
Let f(u) = 6*u - 5. Let w(g) = g**2 + 54*g - 45. Let a(z) = 6*f(z) - w(z). Calculate a(-10).
95
Suppose c + 5 = 3*i - 12, 2*i - 2*c - 18 = 0. Let b(r) = 15*r + 1. Let h(m) = -23*m - 2. Let a(z) = -8*b(z) - 5*h(z). Give a(i).
-18
Let g(p) = 162 - 25*p - 17*p**2 + 5*p**3 - 396 + 232 - 4*p**3 + 110. Determine g(18).
-18
Let x(h) be the first derivative of -2*h**3/3 - 2*h**2 + 7*h + 5. Let a(q) = -3227*q + 6449. Let c be a(2). What is x(c)?
-23
Let h = 233 - 229. Suppose a + 0*q + 12 = q, -h*a = -q + 51. Let c(y) = y + 11. Give c(a).
-2
Let k = -97 - -106. Suppose 0 = -30*n + k*n + 42. Let y(a) = a**3 + 2*a**2 - 3*a + 2. Give y(n).
12
Let w(o) = -5*o + 2. Let d(p) = 2*p - 1. Let t(n) = -11*d(n) - 6*w(n). Suppose 8 - 56 = -a. Let f = a - 47. Give t(f).
7
Let d(l) = l**3 + 19*l**2 + 16*l - 27. Suppose -4*v = 5*s + 90, -39 = 4*s - v + 33. What is d(s)?
9
Let w(q) = -q**3 + 4*q**2. Let i be (8 - -1)*(0 + 24/9). Suppose -4*h - 2*j + 9 = -23, -2*h - 3*j = -i. Let p be (3*(-8)/h)/(1 - 2). Calculate w(p).
0
Let r(f) = -3*f**2 + 570*f - 285*f + 5*f**2 + 7 - 288*f. Determine r(4).
27
Let k(u) be the third derivative of u**5/60 + 11*u**4/6 - 527*u**3/6 - 284*u**2 - u - 1. What is k(-54)?
13
Let z(j) = j**3 - 15*j**2 + 26*j + 22. Let o be z(13). Let v(r) = -r**2 + 7*r + 25 - 5 - o. Calculate v(6).
4
Let v(u) be the third derivative of -1/20*u**5 + 0*u + 73*u**2 + 0 - 1/8*u**4 + 1/2*u**3. Give v(-3).
-15
Let v(m) be the first derivative of -m**6/360 + m**5/15 + m**4/6 + 48*m**3 - 161. Let b(c) be the third derivative of v(c). Calculate b(7).
11
Let n(g) = 10369*g**2 + 0*g + 2*g + 5*g + 19 - 10376*g**2 + 3*g. Give n(-2).
-29
Let t(d) = d**2 - 12*d + 16. Suppose -5*u + 43 = 4*s, -10 + 1 = -3*u. Suppose 21 = -s*k + 98. Calculate t(k).
5
Suppose -32*p + 101 = 5. Let q(j) = 44 + 44 + p*j - 72 - 4*j. What is q(6)?
10
Let j(s) be the third derivative of s**6/120 - 2*s**5/15 + s**4/3 - 7*s**3/6 + 2863*s**2. Calculate j(6).
-31
Let a(x) be the third derivative of -2*x**2 + 0 + 22*x - 1/24*x**4 - 11/6*x**3. Determine a(0).
-11
Let t(n) = -26*n + 994 + 32*n - 924. Give t(-11).
4
Let y(m) = -9*m + 5. Let h(a) = -6*a + 3. Let c(v) = -8*h(v) + 5*y(v). Let s be (8 - 6)*(-6)/(-4). Suppose j - 18 = 4*g, -j + 2*g - s*g - 7 = 0. Determine c(j).
-5
Let o = 36 + -32. Let k be (-9)/(-1) - (o + -1 - 0). Let v(f) = 5*f + 6*f - f**2 + 3 - k*f + 2*f**2. Calculate v(-3).
-3
Suppose -4*v - 2*b + 25 = -5, 3*v - 3*b = 0. Let d(a) = a**2 + 9*a - 1 + 7*a - v*a - 5*a. Determine d(-7).
6
Let t be (0 + (-8)/((-280)/(-21)))*-10. Let k(m) = -2*m**3 + 13*m**2 - 6*m + 1. What is k(t)?
1
Let y = 136 + -160. Let c be (6/8)/(2/y). Let n(p) = p**3 + 10*p**2 + 8*p - 12. Calculate n(c).
-3
Let p = -4 - 4. Let z(q) be the first derivative of q**2/2 + 8*q + 12239. Determine z(p).
0
Let z(m) = 9*m**3 + m**2 - 13*m - 4. Let w(k) = k**3 - k**2 - 2*k - 1. Let p(u) = 6*w(u) - z(u). Let r be p(-2). Let a(b) = b**2 + 9*b + 11. What is a(r)?
3
Let d = -112553 - -112559. Let b(q) be the second derivative of q**4/12 - 4*q**3/3 + 5*q**2/2 - 3*q. Determine b(d).
-7
Let p(y) = -y - 2. Let x = -3 - -6. Let h(v) = 4*v**3 - 6*v + 5. Let a be h(1). Suppose -a*b = x*z - 15, -2 = 2*b - 2*z - 0. Calculate p(b).
-4
Suppose 7*n + 6 = 5*n. Let m be 1/n*-2 - 376/(-12). Let q(j) = j**2 - 69*j + m*j - 6 + 33*j. Determine q(5).
-1
Suppose -4*h + 5*w - 17 = 0, 2*w - 30 = -5*h - 10. Let d(g) = 2086*g - 89. Let p(f) = -885*f + 38. Let t(b) = -14*d(b) - 33*p(b). Determine t(h).
-6
Let z = 1 + -1. Let m(f) be the second derivative of f**7/840 + f**4/6 + 3*f**3/2 + 17*f + 1. Let v(b) be the second derivative of m(b). What is v(z)?
4
Suppose 0 = -2*z + d + 13, -6*d + 2*d = 20. Let p(f) = -41*f**2 - 15*f + 17. Let l(a) = -32*a**2 - 11*a + 13. Let y(k) = -9*l(k) + 7*p(k). Calculate y(z).
-6
Let d be (-1221)/111 - (0 + 6). Let o(s) = -s - 43. What is o(d)?
-26
Let w(o) = -180*o**2 - 353*o. Let s be w(-2). Let t(i) = -i**2 - 28*i - 217. Give t(s).
-21
Let g(i) = -31*i**2 - 234 + 115 + 117 + 7*i. Let x(h) = -11*h**2 + 2*h - 1. Let b(y) = -6*g(y) + 17*x(y). Determine b(-7).
2
Let r(v) = -164483 + 164473 + 0*v**3 + v**3 + v. Let h = -2 + -1. Let u be (h - -3)*1*-1. What is r(u)?
-10
Let o(b) = -b**2 - 28*b + 100. Let w(t) = -t**3 + 22*t**2 - 35*t + 263. Let u be w(21). What is o(u)?
7
Let d(c) = 4*c**2 + 12*c - 159. Let k(t) = 3*t**2 + 8*t - 116. Let v(r) = -5*d(r) + 7*k(r). Determine v(-4).
15
Suppose 6*d -